9*p. What is the units digit of q(-1)?
3
Suppose 0 = -33*d + 12*d + 168. Suppose -3*r + r = -4*g + 338, 3*r = -4*g + 333. Suppose -d*y = -4*y - g. What is the units digit of y?
1
Let f = 85 - -14. What is the units digit of f?
9
Let c(r) = 22*r**2 - 10*r - 57. What is the hundreds digit of c(17)?
1
What is the thousands digit of (30/(-9) - 0)/(38/(-14649))?
1
Let f be ((-3)/9 + 0)*-15. Suppose 0 = -3*s - 5*h + 298, 0 = f*s - 0*h + 5*h - 480. Suppose 4*o - s = 69. What is the tens digit of o?
4
Let b be (-11)/(-33)*1 + 38/(-6). Suppose 0 = -6*o + o - 15. What is the tens digit of -39*o*b/(-27)?
2
Suppose -4*w + 18 = 4*n - 14, 5*w + 3*n = 34. Suppose 5*z + 0*o = 4*o + 67, w*z - 52 = -o. Suppose 0 = 3*q - 4*q + z. What is the tens digit of q?
1
Let v(f) = -36*f - 9. Let z be v(-3). Let i = -43 + z. What is the units digit of i?
6
Suppose -9*a - 64 = 170. Let s = a + 50. What is the units digit of s?
4
Suppose -19 = -2*n - 7. Let u = n - -67. What is the tens digit of u?
7
Let o(l) = 4*l - 7 + 16 + 5*l. What is the tens digit of o(5)?
5
Let a(j) = -5*j**2 + 9*j + 3. Let d(h) = -3*h**2 + 5*h + 2. Let w(o) = 4*a(o) - 7*d(o). What is the tens digit of w(4)?
1
Suppose -3*y - 29 = -122. Let z(n) = -15 + 15 + y*n**2. What is the units digit of z(1)?
1
Let y(m) = -508*m + 56. What is the thousands digit of y(-3)?
1
Suppose 5*k = 21*k + 9712. Let a = -349 - k. What is the units digit of a?
8
Let z(h) = -9*h**3 - 3*h**2 + 1. Let m(r) = r**3 + 4*r**2 - 4*r - 4. Let a be m(-4). Suppose -3*s + 6 = a. What is the tens digit of z(s)?
6
What is the tens digit of (8/6)/((-40)/(-6060))?
0
Let f(z) = -53*z + 12. Let g be f(-6). Suppose -g = -3*o - 7*o. What is the tens digit of o?
3
Suppose -5*n - 7*z + 40 = -6*z, 0 = -2*n + 3*z - 1. Let h be (-2)/13 + (-56)/(-26). Suppose 60 = n*c - h*c. What is the tens digit of c?
1
Let k(b) = -37*b + 124. What is the units digit of k(-27)?
3
What is the units digit of (2380/17)/14*10/4?
5
Suppose -147 = -3*c + 45. Let k = 192 - c. What is the tens digit of k?
2
Let h be 2/(-7) + 7/((-245)/(-2740)). Let j = h + -44. What is the units digit of j?
4
Suppose 0 = -4*y + 497 + 159. What is the units digit of y?
4
Suppose -3*n - 5*d + 948 = 0, -n + 80 = -5*d - 236. What is the tens digit of n?
1
Let t(u) = -u**3 + 4*u**2 - 9. Let o be t(4). Let b(f) = -2*f + 12. Let i(c) = 1. Let m(n) = b(n) - 6*i(n). What is the tens digit of m(o)?
2
Suppose -9 = -2*j - 5. Let g = j + 5. Let o = 41 - g. What is the units digit of o?
4
Let a be (-1)/((1/8)/(6/(-8))). What is the units digit of (102*-1)/(a/(-4))?
8
Let p = -190 + 366. Let x = p - 126. What is the units digit of x?
0
Suppose 4*r + 3*m = 48, r + 0*m - 3 = -3*m. What is the units digit of (-5)/(r/9) - (-103)/1?
0
Let k be 3 - (4 + -4) - 3*-8. What is the hundreds digit of -3*(150/(-4))/(k/60)?
2
Let i(j) = j + 28. Let h be i(-13). What is the units digit of (-2)/(2 - 32/h)?
5
Suppose 146 = y + 3*g - 743, -2*y + 1742 = -3*g. What is the tens digit of y?
7
Suppose -19 = -2*d + 95. Suppose l - 34 = d. What is the units digit of l?
1
Let c(g) = g. Let j(a) = -3*a + 3. Let f(r) = -5*c(r) - j(r). Let x be f(-6). Suppose -8*q - 30 = -x*q. What is the units digit of q?
0
Let m = 63 - 78. What is the tens digit of m*5/((-45)/66)?
1
Let g(o) = 5*o - 17. Let q = 6 - 1. Let h be g(q). Suppose 9*d - h*d - 58 = 0. What is the tens digit of d?
5
Suppose 46 = 4*w - 58. Let n = w + -62. Let i = 39 + n. What is the units digit of i?
3
Let u(h) = -4*h**2 - 3*h + 12. Let v be u(-6). Let q = v + 185. Let m = -30 + q. What is the tens digit of m?
4
Let m(h) = h**3 - h**2 - 7*h + 5. Let p be m(4). Suppose 0 = 4*q + q - p. Suppose 0 = f - 5, 5*n + f - q = 5*f. What is the units digit of n?
5
Suppose -2*f + 5*m = -385, -210 = 3*f - 4*f - m. What is the hundreds digit of f?
2
Let t(s) = s**2 + 8*s + 7. Let n be t(-7). Suppose 4*u + 16 = 2*b, b - 5*u = -4 + 21. Suppose -7*p + b*p + 30 = n. What is the units digit of p?
6
Suppose -g + 4 = g. Suppose g*f = 5*t + 7*f - 355, 0 = t + 4*f - 59. What is the tens digit of t?
7
Suppose 2*i - 1016 - 686 = -2*y, 0 = -3*y - 4*i + 2549. What is the hundreds digit of y?
8
Suppose 20 = 4*c + c. Suppose 0*w - 2*t + 348 = 2*w, 4*t + 696 = c*w. What is the units digit of w?
4
Let i = 19 - 15. Let z(t) = -t**3 + 5*t**2 - 3*t - 4. Let w be z(i). Suppose w = -0*c - 2*c + 2. What is the units digit of c?
1
Let f(y) be the second derivative of -y**5/20 - 11*y**4/6 + 11*y**3/3 + 17*y**2 + 2*y. What is the units digit of f(-23)?
7
Suppose 118*y - 121*y = -1260. What is the units digit of y?
0
Suppose 4*g - 16 = -r, g - 4*g + 12 = -5*r. Suppose -m - 3*m = r. Suppose 146 = 4*s - 5*y, -5*s = -m*s - 3*y - 176. What is the units digit of s?
4
Let l = 3 - 84. Let i = 8 - l. What is the units digit of i?
9
Let o(d) = -d**3 - 8*d**2 + 8*d - 4. Let r be o(-9). What is the tens digit of (2 + 420/25)*r?
9
Suppose 3*m + 3 = 6*m. Let h(v) = -7*v - 1. Let s be h(m). Let k = -7 - s. What is the units digit of k?
1
Let y(d) = -4*d + 38. Let q be y(-18). Let s = q + 15. What is the units digit of s?
5
Let w be (-10)/(-3) + (-13)/39. Let u be (-28)/(-8)*2 + w. Let t(p) = -p**2 + 16*p - 3. What is the units digit of t(u)?
7
Let l(q) = 14*q**2 - 4*q - 4. Let m = -66 - -63. What is the tens digit of l(m)?
3
Let v(b) = b**3 + 8*b**2 - 4*b - 5. Let x = 11 - 9. Suppose -x*w - 2 - 14 = 0. What is the units digit of v(w)?
7
Let z(w) = -w**3 - 2*w**2 - w. Let o be (-96)/42 - 4/(-14). Let c be z(o). What is the units digit of (2 - 1)*90/c?
5
Suppose -348 = -4*l - 4*o, 3*o = 5*l - 2*o - 435. What is the tens digit of l?
8
Suppose 409 + 364 = f. What is the hundreds digit of f?
7
Suppose 10152 = 19*o - o. What is the hundreds digit of o?
5
Let t(w) = w**2 + 16*w - 19. Let p be t(-17). What is the tens digit of (p - (-39)/(-9))*(6 + -12)?
3
Let z(m) = -m - 2. Let a(i) = i**2 - i - 7. Let n be a(0). Let j be z(n). Suppose 0*q - 4*p + 28 = q, -4*p + 140 = j*q. What is the tens digit of q?
2
Let f(s) = -s**3 + 4*s**2 + 4*s - 10. Let d be f(4). Suppose d*t = 2*t + 3*c + 187, -4*c = 3*t - 159. What is the units digit of t?
9
Let x(h) = -14*h - 2. Suppose 2*l + 3 = -3*v + 6, -5*v = 2*l - 9. Let g be x(l). Let y = g - 19. What is the units digit of y?
1
Suppose -3*a - p = 2*p, 4*a - 4*p = 0. Suppose 475 = -a*z + 5*z. What is the tens digit of z?
9
Suppose 28*g = -10800 + 111376. What is the units digit of g?
2
What is the tens digit of (-25240)/(-48) + (-1)/(-6)?
2
Suppose -6*v + 2883 = -8787. What is the tens digit of v?
4
Let j be (-3)/(-6)*(-4)/(0 - 2). Suppose u - 3*n = j, -2 = -2*u + n + n. What is the units digit of u?
1
Suppose 0 = -0*r + 5*r + 3*a - 5952, -5*r - 4*a + 5956 = 0. What is the units digit of r?
8
Let w(r) = -r**3 - r**2 + 326. Let m be w(0). Suppose 4*k = -p + 268 - 102, -2*k + m = 2*p. What is the units digit of p?
2
Let c be 222/9*27/6. Suppose -c = -3*g + 45. What is the units digit of g?
2
Suppose -4*d + 16 = 4*x, -1 = -0*d - d. Suppose 0*t - 2*t - 4*l + 374 = 0, 0 = x*t + 4*l - 557. What is the tens digit of t?
8
Suppose 0 = 5*c - 178 + 508. Let d = c - -125. What is the tens digit of d?
5
Suppose -4*g + 3944 = 4*m, 14*g = 9*g + 4*m + 4930. What is the hundreds digit of g?
9
Suppose 18*j - 15*j - 417 = 0. What is the tens digit of j?
3
Suppose 34*g - 30052 = 18704. What is the thousands digit of g?
1
What is the tens digit of (8 - 371/49) + (-1278)/(-7)?
8
Let h(l) = -l + 1. Let b be h(-6). Suppose -5*i + b*i + 20 = 0. Let p(a) = -a**3 - 11*a**2 - 10*a + 6. What is the units digit of p(i)?
6
Let d be ((-57)/6)/(4/8). Let m = d - -33. Suppose -2*s + 3*q - 6*q = -27, q - m = -s. What is the tens digit of s?
1
Let h = 15 - 174. Let p = 236 + h. What is the tens digit of p?
7
Let m = -84 + 93. Let s(w) = 8*w - 37. What is the units digit of s(m)?
5
Let w = -2 + 5. Suppose 2*g - w*g + 2 = 0. Suppose 3*f + 3*b = 12, f + 5*b - 14 = -g*f. What is the units digit of f?
3
Let p(n) = n + 13. Let u be p(-12). Let k(q) = 21*q**2 + 2*q - 1. What is the tens digit of k(u)?
2
Let o(h) = 7*h**2 - 5*h + 2. Let v be o(3). Let x be 25*(-4 + (-63)/(-15)). Suppose -x*y + y = c - 128, 2*y - 3*c - v = 0. What is the units digit of y?
1
What is the units digit of 6*1*(207/9 - 3)?
0
Let z(u) = -u**3 + 16*u**2 + 16*u - 30.